{"id":186,"date":"2024-11-21T13:43:47","date_gmt":"2024-11-21T16:43:47","guid":{"rendered":"http:\/\/cfp6-cifpa.edu.ar\/asamblea\/?page_id=186"},"modified":"2024-12-03T20:37:38","modified_gmt":"2024-12-03T23:37:38","slug":"cuentos-y-poemas","status":"publish","type":"page","link":"http:\/\/cfp6-cifpa.edu.ar\/asamblea\/producciones-de-alumnos\/cuentos-y-poemas\/","title":{"rendered":"Cuentos y Poemas"},"content":{"rendered":"\n<div class=\"wp-block-group\"><div class=\"wp-block-group__inner-container is-layout-constrained wp-block-group-is-layout-constrained\"><ul style=\"font-style:normal;font-weight:100;\" class=\"wp-block-latest-posts__list aligncenter wp-block-latest-posts\"><li><div class=\"wp-block-latest-posts__featured-image alignleft\"><a href=\"http:\/\/cfp6-cifpa.edu.ar\/asamblea\/poemas-sobre-buenos-aires-ii\/\" aria-label=\"Poemas sobre Buenos Aires II\"><img loading=\"lazy\" decoding=\"async\" width=\"300\" height=\"163\" src=\"http:\/\/cfp6-cifpa.edu.ar\/asamblea\/wp-content\/uploads\/2025\/10\/image-1-480x550-1-300x163.png\" class=\"attachment-medium size-medium wp-post-image\" alt=\"\" style=\"max-width:228px;max-height:225px;\" srcset=\"http:\/\/cfp6-cifpa.edu.ar\/asamblea\/wp-content\/uploads\/2025\/10\/image-1-480x550-1-300x163.png 300w, http:\/\/cfp6-cifpa.edu.ar\/asamblea\/wp-content\/uploads\/2025\/10\/image-1-480x550-1.png 480w\" sizes=\"auto, (max-width: 300px) 100vw, 300px\" \/><\/a><\/div><a class=\"wp-block-latest-posts__post-title\" href=\"http:\/\/cfp6-cifpa.edu.ar\/asamblea\/poemas-sobre-buenos-aires-ii\/\">Poemas sobre Buenos Aires II<\/a><div class=\"wp-block-latest-posts__post-excerpt\">&#8211; LA TRANSPARENCIA Y SUS MOMENTOS&nbsp; Cuando voy al parque siempre puedo ver qu\u00e9 hay tranquilidad, armon\u00eda, paz, los pajaritos; por otro lado puedo ver nenes siendo felices, corriendo, jugando, tambi\u00e9n puedo observar<\/div><\/li>\n<li><div class=\"wp-block-latest-posts__featured-image alignleft\"><a href=\"http:\/\/cfp6-cifpa.edu.ar\/asamblea\/poemas-sobre-buenos-aires\/\" aria-label=\"Poemas sobre Buenos Aires\"><img loading=\"lazy\" decoding=\"async\" width=\"300\" height=\"226\" src=\"http:\/\/cfp6-cifpa.edu.ar\/asamblea\/wp-content\/uploads\/2025\/10\/pch-300x226.jpg\" class=\"attachment-medium size-medium wp-post-image\" alt=\"\" style=\"max-width:228px;max-height:225px;\" srcset=\"http:\/\/cfp6-cifpa.edu.ar\/asamblea\/wp-content\/uploads\/2025\/10\/pch-300x226.jpg 300w, http:\/\/cfp6-cifpa.edu.ar\/asamblea\/wp-content\/uploads\/2025\/10\/pch-1024x771.jpg 1024w, http:\/\/cfp6-cifpa.edu.ar\/asamblea\/wp-content\/uploads\/2025\/10\/pch-768x578.jpg 768w, http:\/\/cfp6-cifpa.edu.ar\/asamblea\/wp-content\/uploads\/2025\/10\/pch-1536x1157.jpg 1536w, http:\/\/cfp6-cifpa.edu.ar\/asamblea\/wp-content\/uploads\/2025\/10\/pch-2048x1542.jpg 2048w\" sizes=\"auto, (max-width: 300px) 100vw, 300px\" \/><\/a><\/div><a class=\"wp-block-latest-posts__post-title\" href=\"http:\/\/cfp6-cifpa.edu.ar\/asamblea\/poemas-sobre-buenos-aires\/\">Poemas sobre Buenos Aires<\/a><div class=\"wp-block-latest-posts__post-excerpt\">Con 3\u00b0 y 4\u00b0 a\u00f1o del Bachillerato, le\u00edmos poemas de Baldomero Fern\u00e1ndez Moreno, Alfonsina Storni. Juan Gelman, entre otros. Visitamos el Parque Chacabuco y escribimos poemas. Compartimos algunas producciones de estudiantes de tercer<\/div><\/li>\n<li><div class=\"wp-block-latest-posts__featured-image alignleft\"><a href=\"http:\/\/cfp6-cifpa.edu.ar\/asamblea\/ensayo-la-ausencia-de-un-sentido-vital-leonardo-paz\/\" aria-label=\"Ensayo: La ausencia de un sentido vital &#8211; Leonardo Paz\"><img loading=\"lazy\" decoding=\"async\" width=\"300\" height=\"225\" src=\"http:\/\/cfp6-cifpa.edu.ar\/asamblea\/wp-content\/uploads\/2024\/12\/lametam-300x225.jpg\" class=\"attachment-medium size-medium wp-post-image\" alt=\"\" style=\"max-width:228px;max-height:225px;\" srcset=\"http:\/\/cfp6-cifpa.edu.ar\/asamblea\/wp-content\/uploads\/2024\/12\/lametam-300x225.jpg 300w, http:\/\/cfp6-cifpa.edu.ar\/asamblea\/wp-content\/uploads\/2024\/12\/lametam.jpg 736w\" sizes=\"auto, (max-width: 300px) 100vw, 300px\" \/><\/a><\/div><a class=\"wp-block-latest-posts__post-title\" href=\"http:\/\/cfp6-cifpa.edu.ar\/asamblea\/ensayo-la-ausencia-de-un-sentido-vital-leonardo-paz\/\">Ensayo: La ausencia de un sentido vital &#8211; Leonardo Paz<\/a><div class=\"wp-block-latest-posts__post-excerpt\">\u00bfAlguna vez se han cuestionado cu\u00e1l es el prop\u00f3sito de levantarse un d\u00eda m\u00e1s, para desempe\u00f1ar la misma tarea de siempre? \u00bfCu\u00e1ntos trabajos pr\u00e1cticos tendr\u00e9 que redactar para sentir que valgo, cu\u00e1ntas notas<\/div><\/li>\n<li><div class=\"wp-block-latest-posts__featured-image alignleft\"><a href=\"http:\/\/cfp6-cifpa.edu.ar\/asamblea\/la-historia-de-julian-thiago-rojo\/\" aria-label=\"La historia de Juli\u00e1n &#8211; Thiago Rojo\"><img loading=\"lazy\" decoding=\"async\" width=\"225\" height=\"300\" src=\"http:\/\/cfp6-cifpa.edu.ar\/asamblea\/wp-content\/uploads\/2024\/11\/claudia-lobos-225x300.jpg\" class=\"attachment-medium size-medium wp-post-image\" alt=\"\" style=\"max-width:228px;max-height:225px;\" srcset=\"http:\/\/cfp6-cifpa.edu.ar\/asamblea\/wp-content\/uploads\/2024\/11\/claudia-lobos-225x300.jpg 225w, http:\/\/cfp6-cifpa.edu.ar\/asamblea\/wp-content\/uploads\/2024\/11\/claudia-lobos-768x1024.jpg 768w, http:\/\/cfp6-cifpa.edu.ar\/asamblea\/wp-content\/uploads\/2024\/11\/claudia-lobos-1152x1536.jpg 1152w, http:\/\/cfp6-cifpa.edu.ar\/asamblea\/wp-content\/uploads\/2024\/11\/claudia-lobos-1536x2048.jpg 1536w, http:\/\/cfp6-cifpa.edu.ar\/asamblea\/wp-content\/uploads\/2024\/11\/claudia-lobos-scaled.jpg 1920w\" sizes=\"auto, (max-width: 225px) 100vw, 225px\" \/><\/a><\/div><a class=\"wp-block-latest-posts__post-title\" href=\"http:\/\/cfp6-cifpa.edu.ar\/asamblea\/la-historia-de-julian-thiago-rojo\/\">La historia de Juli\u00e1n &#8211; Thiago Rojo<\/a><div class=\"wp-block-latest-posts__post-excerpt\">JULIAN ESTABA EN EL AULA 6 EN UNA ESQUINA SOLO. SENTADO EN UNA SILLA. JUGANDOCON SU CELU VIENDO COMO LOS OTROS JUEGAN JUNTOS SIN \u00c9L. PIENSA QUE QUIEREJUGAR CON ELLOS PERO \u00c9L NO<\/div><\/li>\n<li><div class=\"wp-block-latest-posts__featured-image alignleft\"><a href=\"http:\/\/cfp6-cifpa.edu.ar\/asamblea\/produccion-de-estudiantes-bestiario\/\" aria-label=\"Producci\u00f3n de estudiantes: Bestiario\"><img loading=\"lazy\" decoding=\"async\" width=\"300\" height=\"170\" src=\"http:\/\/cfp6-cifpa.edu.ar\/asamblea\/wp-content\/uploads\/2024\/11\/bestiario-2\u00b01\u00b0-300x170.png\" class=\"attachment-medium size-medium wp-post-image\" alt=\"\" style=\"max-width:228px;max-height:225px;\" srcset=\"http:\/\/cfp6-cifpa.edu.ar\/asamblea\/wp-content\/uploads\/2024\/11\/bestiario-2\u00b01\u00b0-300x170.png 300w, http:\/\/cfp6-cifpa.edu.ar\/asamblea\/wp-content\/uploads\/2024\/11\/bestiario-2\u00b01\u00b0-768x435.png 768w, http:\/\/cfp6-cifpa.edu.ar\/asamblea\/wp-content\/uploads\/2024\/11\/bestiario-2\u00b01\u00b0.png 943w\" sizes=\"auto, (max-width: 300px) 100vw, 300px\" \/><\/a><\/div><a class=\"wp-block-latest-posts__post-title\" href=\"http:\/\/cfp6-cifpa.edu.ar\/asamblea\/produccion-de-estudiantes-bestiario\/\">Producci\u00f3n de estudiantes: Bestiario<\/a><div class=\"wp-block-latest-posts__post-excerpt\">Producci\u00f3n de estudiantes de 2\u00b01\u00b0 del Turno Ma\u00f1ana, en la clase de Lengua y literatura a cargo de la Profesora Mariana Fern\u00e1ndez. Explorando las posibilidades de la IA, crearon estos animales fant\u00e1sticos y<\/div><\/li>\n<li><div class=\"wp-block-latest-posts__featured-image alignleft\"><a href=\"http:\/\/cfp6-cifpa.edu.ar\/asamblea\/poema-del-mundo-y-la-verdad\/\" aria-label=\"Poema: Del mundo y la verdad &#8211; Leonardo Paz\"><img loading=\"lazy\" decoding=\"async\" width=\"200\" height=\"300\" src=\"http:\/\/cfp6-cifpa.edu.ar\/asamblea\/wp-content\/uploads\/2024\/11\/lean-1-200x300.jpg\" class=\"attachment-medium size-medium wp-post-image\" alt=\"\" style=\"max-width:228px;max-height:225px;\" srcset=\"http:\/\/cfp6-cifpa.edu.ar\/asamblea\/wp-content\/uploads\/2024\/11\/lean-1-200x300.jpg 200w, http:\/\/cfp6-cifpa.edu.ar\/asamblea\/wp-content\/uploads\/2024\/11\/lean-1-683x1024.jpg 683w, http:\/\/cfp6-cifpa.edu.ar\/asamblea\/wp-content\/uploads\/2024\/11\/lean-1-768x1152.jpg 768w, http:\/\/cfp6-cifpa.edu.ar\/asamblea\/wp-content\/uploads\/2024\/11\/lean-1-1024x1536.jpg 1024w, http:\/\/cfp6-cifpa.edu.ar\/asamblea\/wp-content\/uploads\/2024\/11\/lean-1-1365x2048.jpg 1365w, http:\/\/cfp6-cifpa.edu.ar\/asamblea\/wp-content\/uploads\/2024\/11\/lean-1-scaled.jpg 1707w\" sizes=\"auto, (max-width: 200px) 100vw, 200px\" \/><\/a><\/div><a class=\"wp-block-latest-posts__post-title\" href=\"http:\/\/cfp6-cifpa.edu.ar\/asamblea\/poema-del-mundo-y-la-verdad\/\">Poema: Del mundo y la verdad &#8211; Leonardo Paz<\/a><div class=\"wp-block-latest-posts__post-excerpt\">Del mundo y la verdad Estoy vivo, mas mi esencia ya fue herida. Condenado a la sombra del olvido, donde los due\u00f1os del mundo est\u00e1n escondidos. En su reino de silencios y enga\u00f1os,<\/div><\/li>\n<li><div class=\"wp-block-latest-posts__featured-image alignleft\"><a href=\"http:\/\/cfp6-cifpa.edu.ar\/asamblea\/poema-seremos-fantasmas-del-dolor\/\" aria-label=\"Poema: \u00bfSeremos fantasmas del dolor? &#8211; Antonela Polese\"><img loading=\"lazy\" decoding=\"async\" width=\"200\" height=\"300\" src=\"http:\/\/cfp6-cifpa.edu.ar\/asamblea\/wp-content\/uploads\/2024\/11\/IMG-20241125-WA0011-200x300.jpg\" class=\"attachment-medium size-medium wp-post-image\" alt=\"Carolina Nicora (2024)\" style=\"max-width:228px;max-height:225px;\" srcset=\"http:\/\/cfp6-cifpa.edu.ar\/asamblea\/wp-content\/uploads\/2024\/11\/IMG-20241125-WA0011-200x300.jpg 200w, http:\/\/cfp6-cifpa.edu.ar\/asamblea\/wp-content\/uploads\/2024\/11\/IMG-20241125-WA0011-682x1024.jpg 682w, http:\/\/cfp6-cifpa.edu.ar\/asamblea\/wp-content\/uploads\/2024\/11\/IMG-20241125-WA0011-768x1153.jpg 768w, http:\/\/cfp6-cifpa.edu.ar\/asamblea\/wp-content\/uploads\/2024\/11\/IMG-20241125-WA0011-1023x1536.jpg 1023w, http:\/\/cfp6-cifpa.edu.ar\/asamblea\/wp-content\/uploads\/2024\/11\/IMG-20241125-WA0011.jpg 1066w\" sizes=\"auto, (max-width: 200px) 100vw, 200px\" \/><\/a><\/div><a class=\"wp-block-latest-posts__post-title\" href=\"http:\/\/cfp6-cifpa.edu.ar\/asamblea\/poema-seremos-fantasmas-del-dolor\/\">Poema: \u00bfSeremos fantasmas del dolor? &#8211; Antonela Polese<\/a><div class=\"wp-block-latest-posts__post-excerpt\">\u00bfSeremos fantasmas del dolor?La tristeza golpea la puertala invito a pasary nos ponemos a charlarde lo que me hace llorarsoy, soy comouna amenaza silenciosaa punto de explotarpero s\u00e9 queenfrentar esoque nos atraviesaes crecercada<\/div><\/li>\n<\/ul><\/div><\/div>\n","protected":false},"excerpt":{"rendered":"","protected":false},"author":6,"featured_media":0,"parent":67,"menu_order":0,"comment_status":"closed","ping_status":"closed","template":"","meta":{"footnotes":""},"class_list":["post-186","page","type-page","status-publish","hentry"],"_links":{"self":[{"href":"http:\/\/cfp6-cifpa.edu.ar\/asamblea\/wp-json\/wp\/v2\/pages\/186","targetHints":{"allow":["GET"]}}],"collection":[{"href":"http:\/\/cfp6-cifpa.edu.ar\/asamblea\/wp-json\/wp\/v2\/pages"}],"about":[{"href":"http:\/\/cfp6-cifpa.edu.ar\/asamblea\/wp-json\/wp\/v2\/types\/page"}],"author":[{"embeddable":true,"href":"http:\/\/cfp6-cifpa.edu.ar\/asamblea\/wp-json\/wp\/v2\/users\/6"}],"replies":[{"embeddable":true,"href":"http:\/\/cfp6-cifpa.edu.ar\/asamblea\/wp-json\/wp\/v2\/comments?post=186"}],"version-history":[{"count":10,"href":"http:\/\/cfp6-cifpa.edu.ar\/asamblea\/wp-json\/wp\/v2\/pages\/186\/revisions"}],"predecessor-version":[{"id":397,"href":"http:\/\/cfp6-cifpa.edu.ar\/asamblea\/wp-json\/wp\/v2\/pages\/186\/revisions\/397"}],"up":[{"embeddable":true,"href":"http:\/\/cfp6-cifpa.edu.ar\/asamblea\/wp-json\/wp\/v2\/pages\/67"}],"wp:attachment":[{"href":"http:\/\/cfp6-cifpa.edu.ar\/asamblea\/wp-json\/wp\/v2\/media?parent=186"}],"curies":[{"name":"wp","href":"https:\/\/api.w.org\/{rel}","templated":true}]}}

<div class="wp-block-group"><div class="wp-block-group__inner-container is-layout-constrained wp-block-group-is-layout-constrained"><ul style="font-style:normal;font-weight:100;" class="wp-block-latest-posts__list aligncenter wp-block-latest-posts"><li><div class="wp-block-latest-posts__featured-image alignleft"><a href="http://cfp6-cifpa.edu.ar/asamblea/poemas-sobre-buenos-aires-ii/" aria-label="Poemas sobre Buenos Aires II"><img loading="lazy" decoding="async" width="300" height="163" src="http://cfp6-cifpa.edu.ar/asamblea/wp-content/uploads/2025/10/image-1-480x550-1-300x163.png" class="attachment-medium size-medium wp-post-image" alt="" style="max-width:228px;max-height:225px;" srcset="http://cfp6-cifpa.edu.ar/asamblea/wp-content/uploads/2025/10/image-1-480x550-1-300x163.png 300w, http://cfp6-cifpa.edu.ar/asamblea/wp-content/uploads/2025/10/image-1-480x550-1.png 480w" sizes="auto, (max-width: 300px) 100vw, 300px" /></a></div><a class="wp-block-latest-posts__post-title" href="http://cfp6-cifpa.edu.ar/asamblea/poemas-sobre-buenos-aires-ii/">Poemas sobre Buenos Aires II</a><div class="wp-block-latest-posts__post-excerpt">&#8211; LA TRANSPARENCIA Y SUS MOMENTOS&nbsp; Cuando voy al parque siempre puedo ver qué hay tranquilidad, armonía, paz, los pajaritos; por otro lado puedo ver nenes siendo felices, corriendo, jugando, también puedo observar</div></li>
<li><div class="wp-block-latest-posts__featured-image alignleft"><a href="http://cfp6-cifpa.edu.ar/asamblea/poemas-sobre-buenos-aires/" aria-label="Poemas sobre Buenos Aires"><img loading="lazy" decoding="async" width="300" height="226" src="http://cfp6-cifpa.edu.ar/asamblea/wp-content/uploads/2025/10/pch-300x226.jpg" class="attachment-medium size-medium wp-post-image" alt="" style="max-width:228px;max-height:225px;" srcset="http://cfp6-cifpa.edu.ar/asamblea/wp-content/uploads/2025/10/pch-300x226.jpg 300w, http://cfp6-cifpa.edu.ar/asamblea/wp-content/uploads/2025/10/pch-1024x771.jpg 1024w, http://cfp6-cifpa.edu.ar/asamblea/wp-content/uploads/2025/10/pch-768x578.jpg 768w, http://cfp6-cifpa.edu.ar/asamblea/wp-content/uploads/2025/10/pch-1536x1157.jpg 1536w, http://cfp6-cifpa.edu.ar/asamblea/wp-content/uploads/2025/10/pch-2048x1542.jpg 2048w" sizes="auto, (max-width: 300px) 100vw, 300px" /></a></div><a class="wp-block-latest-posts__post-title" href="http://cfp6-cifpa.edu.ar/asamblea/poemas-sobre-buenos-aires/">Poemas sobre Buenos Aires</a><div class="wp-block-latest-posts__post-excerpt">Con 3° y 4° año del Bachillerato, leímos poemas de Baldomero Fernández Moreno, Alfonsina Storni. Juan Gelman, entre otros. Visitamos el Parque Chacabuco y escribimos poemas. Compartimos algunas producciones de estudiantes de tercer</div></li>
<li><div class="wp-block-latest-posts__featured-image alignleft"><a href="http://cfp6-cifpa.edu.ar/asamblea/ensayo-la-ausencia-de-un-sentido-vital-leonardo-paz/" aria-label="Ensayo: La ausencia de un sentido vital &#8211; Leonardo Paz"><img loading="lazy" decoding="async" width="300" height="225" src="http://cfp6-cifpa.edu.ar/asamblea/wp-content/uploads/2024/12/lametam-300x225.jpg" class="attachment-medium size-medium wp-post-image" alt="" style="max-width:228px;max-height:225px;" srcset="http://cfp6-cifpa.edu.ar/asamblea/wp-content/uploads/2024/12/lametam-300x225.jpg 300w, http://cfp6-cifpa.edu.ar/asamblea/wp-content/uploads/2024/12/lametam.jpg 736w" sizes="auto, (max-width: 300px) 100vw, 300px" /></a></div><a class="wp-block-latest-posts__post-title" href="http://cfp6-cifpa.edu.ar/asamblea/ensayo-la-ausencia-de-un-sentido-vital-leonardo-paz/">Ensayo: La ausencia de un sentido vital &#8211; Leonardo Paz</a><div class="wp-block-latest-posts__post-excerpt">¿Alguna vez se han cuestionado cuál es el propósito de levantarse un día más, para desempeñar la misma tarea de siempre? ¿Cuántos trabajos prácticos tendré que redactar para sentir que valgo, cuántas notas</div></li>
<li><div class="wp-block-latest-posts__featured-image alignleft"><a href="http://cfp6-cifpa.edu.ar/asamblea/la-historia-de-julian-thiago-rojo/" aria-label="La historia de Julián &#8211; Thiago Rojo"><img loading="lazy" decoding="async" width="225" height="300" src="http://cfp6-cifpa.edu.ar/asamblea/wp-content/uploads/2024/11/claudia-lobos-225x300.jpg" class="attachment-medium size-medium wp-post-image" alt="" style="max-width:228px;max-height:225px;" srcset="http://cfp6-cifpa.edu.ar/asamblea/wp-content/uploads/2024/11/claudia-lobos-225x300.jpg 225w, http://cfp6-cifpa.edu.ar/asamblea/wp-content/uploads/2024/11/claudia-lobos-768x1024.jpg 768w, http://cfp6-cifpa.edu.ar/asamblea/wp-content/uploads/2024/11/claudia-lobos-1152x1536.jpg 1152w, http://cfp6-cifpa.edu.ar/asamblea/wp-content/uploads/2024/11/claudia-lobos-1536x2048.jpg 1536w, http://cfp6-cifpa.edu.ar/asamblea/wp-content/uploads/2024/11/claudia-lobos-scaled.jpg 1920w" sizes="auto, (max-width: 225px) 100vw, 225px" /></a></div><a class="wp-block-latest-posts__post-title" href="http://cfp6-cifpa.edu.ar/asamblea/la-historia-de-julian-thiago-rojo/">La historia de Julián &#8211; Thiago Rojo</a><div class="wp-block-latest-posts__post-excerpt">JULIAN ESTABA EN EL AULA 6 EN UNA ESQUINA SOLO. SENTADO EN UNA SILLA. JUGANDOCON SU CELU VIENDO COMO LOS OTROS JUEGAN JUNTOS SIN ÉL. PIENSA QUE QUIEREJUGAR CON ELLOS PERO ÉL NO</div></li>
<li><div class="wp-block-latest-posts__featured-image alignleft"><a href="http://cfp6-cifpa.edu.ar/asamblea/produccion-de-estudiantes-bestiario/" aria-label="Producción de estudiantes: Bestiario"><img loading="lazy" decoding="async" width="300" height="170" src="http://cfp6-cifpa.edu.ar/asamblea/wp-content/uploads/2024/11/bestiario-2°1°-300x170.png" class="attachment-medium size-medium wp-post-image" alt="" style="max-width:228px;max-height:225px;" srcset="http://cfp6-cifpa.edu.ar/asamblea/wp-content/uploads/2024/11/bestiario-2°1°-300x170.png 300w, http://cfp6-cifpa.edu.ar/asamblea/wp-content/uploads/2024/11/bestiario-2°1°-768x435.png 768w, http://cfp6-cifpa.edu.ar/asamblea/wp-content/uploads/2024/11/bestiario-2°1°.png 943w" sizes="auto, (max-width: 300px) 100vw, 300px" /></a></div><a class="wp-block-latest-posts__post-title" href="http://cfp6-cifpa.edu.ar/asamblea/produccion-de-estudiantes-bestiario/">Producción de estudiantes: Bestiario</a><div class="wp-block-latest-posts__post-excerpt">Producción de estudiantes de 2°1° del Turno Mañana, en la clase de Lengua y literatura a cargo de la Profesora Mariana Fernández. Explorando las posibilidades de la IA, crearon estos animales fantásticos y</div></li>
<li><div class="wp-block-latest-posts__featured-image alignleft"><a href="http://cfp6-cifpa.edu.ar/asamblea/poema-del-mundo-y-la-verdad/" aria-label="Poema: Del mundo y la verdad &#8211; Leonardo Paz"><img loading="lazy" decoding="async" width="200" height="300" src="http://cfp6-cifpa.edu.ar/asamblea/wp-content/uploads/2024/11/lean-1-200x300.jpg" class="attachment-medium size-medium wp-post-image" alt="" style="max-width:228px;max-height:225px;" srcset="http://cfp6-cifpa.edu.ar/asamblea/wp-content/uploads/2024/11/lean-1-200x300.jpg 200w, http://cfp6-cifpa.edu.ar/asamblea/wp-content/uploads/2024/11/lean-1-683x1024.jpg 683w, http://cfp6-cifpa.edu.ar/asamblea/wp-content/uploads/2024/11/lean-1-768x1152.jpg 768w, http://cfp6-cifpa.edu.ar/asamblea/wp-content/uploads/2024/11/lean-1-1024x1536.jpg 1024w, http://cfp6-cifpa.edu.ar/asamblea/wp-content/uploads/2024/11/lean-1-1365x2048.jpg 1365w, http://cfp6-cifpa.edu.ar/asamblea/wp-content/uploads/2024/11/lean-1-scaled.jpg 1707w" sizes="auto, (max-width: 200px) 100vw, 200px" /></a></div><a class="wp-block-latest-posts__post-title" href="http://cfp6-cifpa.edu.ar/asamblea/poema-del-mundo-y-la-verdad/">Poema: Del mundo y la verdad &#8211; Leonardo Paz</a><div class="wp-block-latest-posts__post-excerpt">Del mundo y la verdad Estoy vivo, mas mi esencia ya fue herida. Condenado a la sombra del olvido, donde los dueños del mundo están escondidos. En su reino de silencios y engaños,</div></li>
<li><div class="wp-block-latest-posts__featured-image alignleft"><a href="http://cfp6-cifpa.edu.ar/asamblea/poema-seremos-fantasmas-del-dolor/" aria-label="Poema: ¿Seremos fantasmas del dolor? &#8211; Antonela Polese"><img loading="lazy" decoding="async" width="200" height="300" src="http://cfp6-cifpa.edu.ar/asamblea/wp-content/uploads/2024/11/IMG-20241125-WA0011-200x300.jpg" class="attachment-medium size-medium wp-post-image" alt="Carolina Nicora (2024)" style="max-width:228px;max-height:225px;" srcset="http://cfp6-cifpa.edu.ar/asamblea/wp-content/uploads/2024/11/IMG-20241125-WA0011-200x300.jpg 200w, http://cfp6-cifpa.edu.ar/asamblea/wp-content/uploads/2024/11/IMG-20241125-WA0011-682x1024.jpg 682w, http://cfp6-cifpa.edu.ar/asamblea/wp-content/uploads/2024/11/IMG-20241125-WA0011-768x1153.jpg 768w, http://cfp6-cifpa.edu.ar/asamblea/wp-content/uploads/2024/11/IMG-20241125-WA0011-1023x1536.jpg 1023w, http://cfp6-cifpa.edu.ar/asamblea/wp-content/uploads/2024/11/IMG-20241125-WA0011.jpg 1066w" sizes="auto, (max-width: 200px) 100vw, 200px" /></a></div><a class="wp-block-latest-posts__post-title" href="http://cfp6-cifpa.edu.ar/asamblea/poema-seremos-fantasmas-del-dolor/">Poema: ¿Seremos fantasmas del dolor? &#8211; Antonela Polese</a><div class="wp-block-latest-posts__post-excerpt">¿Seremos fantasmas del dolor?La tristeza golpea la puertala invito a pasary nos ponemos a charlarde lo que me hace llorarsoy, soy comouna amenaza silenciosaa punto de explotarpero sé queenfrentar esoque nos atraviesaes crecercada</div></li>
</ul></div></div>
