{"id":220,"date":"2024-11-21T21:27:48","date_gmt":"2024-11-22T00:27:48","guid":{"rendered":"http:\/\/cfp6-cifpa.edu.ar\/asamblea\/?page_id=220"},"modified":"2025-11-04T19:21:45","modified_gmt":"2025-11-04T22:21:45","slug":"novedades","status":"publish","type":"page","link":"http:\/\/cfp6-cifpa.edu.ar\/asamblea\/novedades\/","title":{"rendered":"Noticias"},"content":{"rendered":"\n<div class=\"wp-block-columns is-layout-flex wp-container-core-columns-is-layout-9d6595d7 wp-block-columns-is-layout-flex\">\n<div class=\"wp-block-column is-layout-flow wp-block-column-is-layout-flow\" style=\"flex-basis:100%\"><ul class=\"wp-block-latest-posts__list is-grid columns-2 wp-block-latest-posts has-medium-font-size\"><li><div class=\"wp-block-latest-posts__featured-image\"><img loading=\"lazy\" decoding=\"async\" width=\"240\" height=\"300\" src=\"http:\/\/cfp6-cifpa.edu.ar\/asamblea\/wp-content\/uploads\/2025\/12\/587687656_18104664967641728_1315359059755601712_n-240x300.jpeg\" class=\"attachment-medium size-medium wp-post-image\" alt=\"\" style=\"\" srcset=\"http:\/\/cfp6-cifpa.edu.ar\/asamblea\/wp-content\/uploads\/2025\/12\/587687656_18104664967641728_1315359059755601712_n-240x300.jpeg 240w, http:\/\/cfp6-cifpa.edu.ar\/asamblea\/wp-content\/uploads\/2025\/12\/587687656_18104664967641728_1315359059755601712_n-819x1024.jpeg 819w, http:\/\/cfp6-cifpa.edu.ar\/asamblea\/wp-content\/uploads\/2025\/12\/587687656_18104664967641728_1315359059755601712_n-768x960.jpeg 768w, http:\/\/cfp6-cifpa.edu.ar\/asamblea\/wp-content\/uploads\/2025\/12\/587687656_18104664967641728_1315359059755601712_n.jpeg 1080w\" sizes=\"auto, (max-width: 240px) 100vw, 240px\" \/><\/div><a class=\"wp-block-latest-posts__post-title\" href=\"http:\/\/cfp6-cifpa.edu.ar\/asamblea\/inscripciones-2026\/\">INSCRIPCIONES 2026<\/a><div class=\"wp-block-latest-posts__post-excerpt\">Oferta Educativa 2026 INSCRIPCIONES 2026 Del 01\/12 al 19\/12 Para inscribirte: Ingresa en guarani-autogestionagencia.bue.edu.ar o pod\u00e9s comunicarte al 4922-3683 o al 4923-1419 mail<\/div><\/li>\n<li><div class=\"wp-block-latest-posts__featured-image\"><img loading=\"lazy\" decoding=\"async\" width=\"240\" height=\"300\" src=\"http:\/\/cfp6-cifpa.edu.ar\/asamblea\/wp-content\/uploads\/2025\/12\/587755929_18105307954641728_8231148957702518764_n-240x300.jpeg\" class=\"attachment-medium size-medium wp-post-image\" alt=\"\" style=\"\" srcset=\"http:\/\/cfp6-cifpa.edu.ar\/asamblea\/wp-content\/uploads\/2025\/12\/587755929_18105307954641728_8231148957702518764_n-240x300.jpeg 240w, http:\/\/cfp6-cifpa.edu.ar\/asamblea\/wp-content\/uploads\/2025\/12\/587755929_18105307954641728_8231148957702518764_n.jpeg 512w\" sizes=\"auto, (max-width: 240px) 100vw, 240px\" \/><\/div><a class=\"wp-block-latest-posts__post-title\" href=\"http:\/\/cfp6-cifpa.edu.ar\/asamblea\/cierre-de-fin-de-ano-2025\/\">Cierre de fin de a\u00f1o 2025<\/a><div class=\"wp-block-latest-posts__post-excerpt\">Te esperamos para celebrar este cierre de a\u00f1o en el @cfp.6 Jueves 11 de diciembre 19hs Asamblea 153, Parque Chacabuco<\/div><\/li>\n<li><div class=\"wp-block-latest-posts__featured-image\"><img loading=\"lazy\" decoding=\"async\" width=\"240\" height=\"300\" src=\"http:\/\/cfp6-cifpa.edu.ar\/asamblea\/wp-content\/uploads\/2025\/12\/588651687_18105114517641728_6399332300868135142_n-240x300.jpeg\" class=\"attachment-medium size-medium wp-post-image\" alt=\"\" style=\"\" srcset=\"http:\/\/cfp6-cifpa.edu.ar\/asamblea\/wp-content\/uploads\/2025\/12\/588651687_18105114517641728_6399332300868135142_n-240x300.jpeg 240w, http:\/\/cfp6-cifpa.edu.ar\/asamblea\/wp-content\/uploads\/2025\/12\/588651687_18105114517641728_6399332300868135142_n.jpeg 512w\" sizes=\"auto, (max-width: 240px) 100vw, 240px\" \/><\/div><a class=\"wp-block-latest-posts__post-title\" href=\"http:\/\/cfp6-cifpa.edu.ar\/asamblea\/oferta-educativa-2026\/\">Oferta Educativa 2026<\/a><div class=\"wp-block-latest-posts__post-excerpt\">Formaci\u00f3n Profesional para Adultos La oferta educativa que brinda nuestra escuela est\u00e1 compuesta por cursos, capacitaciones laborales y trayectos, de distinta duraci\u00f3n, con<\/div><\/li>\n<li><div class=\"wp-block-latest-posts__featured-image\"><img loading=\"lazy\" decoding=\"async\" width=\"300\" height=\"182\" src=\"http:\/\/cfp6-cifpa.edu.ar\/asamblea\/wp-content\/uploads\/2025\/12\/Grafico-total-egresos-30-11-300x182.jpg\" class=\"attachment-medium size-medium wp-post-image\" alt=\"\" style=\"\" srcset=\"http:\/\/cfp6-cifpa.edu.ar\/asamblea\/wp-content\/uploads\/2025\/12\/Grafico-total-egresos-30-11-300x182.jpg 300w, http:\/\/cfp6-cifpa.edu.ar\/asamblea\/wp-content\/uploads\/2025\/12\/Grafico-total-egresos-30-11-1024x622.jpg 1024w, http:\/\/cfp6-cifpa.edu.ar\/asamblea\/wp-content\/uploads\/2025\/12\/Grafico-total-egresos-30-11-768x466.jpg 768w, http:\/\/cfp6-cifpa.edu.ar\/asamblea\/wp-content\/uploads\/2025\/12\/Grafico-total-egresos-30-11-1536x933.jpg 1536w, http:\/\/cfp6-cifpa.edu.ar\/asamblea\/wp-content\/uploads\/2025\/12\/Grafico-total-egresos-30-11-2048x1243.jpg 2048w\" sizes=\"auto, (max-width: 300px) 100vw, 300px\" \/><\/div><a class=\"wp-block-latest-posts__post-title\" href=\"http:\/\/cfp6-cifpa.edu.ar\/asamblea\/cooperadora-2025\/\">Cooperadora 2025<\/a><div class=\"wp-block-latest-posts__post-excerpt\">Movimiento de dinero a\u00f1o 2025<\/div><\/li>\n<li><a class=\"wp-block-latest-posts__post-title\" href=\"http:\/\/cfp6-cifpa.edu.ar\/asamblea\/corridos-revolucion-actualidad-en-mexico-bienvenidos-as-a-three-towers-un-podcast-sobre-la-cultura-latinoamericana\/\">Corridos, revoluci\u00f3n &amp; actualidad en M\u00e9xico.   Bienvenidos\/as a \u00abThree Towers\u00bb, un podcast sobre la cultura latinoamericana.<\/a><div class=\"wp-block-latest-posts__post-excerpt\">Les invitamos a disfrutar este primer programa sobre corridos mexicanos, desde el CFP\u00ba6 para el mundo entero y toda la familia. Vamos a<\/div><\/li>\n<li><div class=\"wp-block-latest-posts__featured-image\"><img loading=\"lazy\" decoding=\"async\" width=\"225\" height=\"300\" src=\"http:\/\/cfp6-cifpa.edu.ar\/asamblea\/wp-content\/uploads\/2025\/11\/charla-bachi2026-225x300.jpg\" class=\"attachment-medium size-medium wp-post-image\" alt=\"\" style=\"\" srcset=\"http:\/\/cfp6-cifpa.edu.ar\/asamblea\/wp-content\/uploads\/2025\/11\/charla-bachi2026-225x300.jpg 225w, http:\/\/cfp6-cifpa.edu.ar\/asamblea\/wp-content\/uploads\/2025\/11\/charla-bachi2026-768x1024.jpg 768w, http:\/\/cfp6-cifpa.edu.ar\/asamblea\/wp-content\/uploads\/2025\/11\/charla-bachi2026.jpg 800w\" sizes=\"auto, (max-width: 225px) 100vw, 225px\" \/><\/div><a class=\"wp-block-latest-posts__post-title\" href=\"http:\/\/cfp6-cifpa.edu.ar\/asamblea\/charla-informativa\/\">Charla Informativa<\/a><div class=\"wp-block-latest-posts__post-excerpt\">Los invitamos a la charla informativa para el ingreso al Bachillerato, el d\u00eda viernes 7 de noviembre a las 11:30hs<\/div><\/li>\n<\/ul><\/div>\n<\/div>\n","protected":false},"excerpt":{"rendered":"","protected":false},"author":6,"featured_media":0,"parent":0,"menu_order":0,"comment_status":"open","ping_status":"closed","template":"","meta":{"footnotes":""},"class_list":["post-220","page","type-page","status-publish","hentry"],"_links":{"self":[{"href":"http:\/\/cfp6-cifpa.edu.ar\/asamblea\/wp-json\/wp\/v2\/pages\/220","targetHints":{"allow":["GET"]}}],"collection":[{"href":"http:\/\/cfp6-cifpa.edu.ar\/asamblea\/wp-json\/wp\/v2\/pages"}],"about":[{"href":"http:\/\/cfp6-cifpa.edu.ar\/asamblea\/wp-json\/wp\/v2\/types\/page"}],"author":[{"embeddable":true,"href":"http:\/\/cfp6-cifpa.edu.ar\/asamblea\/wp-json\/wp\/v2\/users\/6"}],"replies":[{"embeddable":true,"href":"http:\/\/cfp6-cifpa.edu.ar\/asamblea\/wp-json\/wp\/v2\/comments?post=220"}],"version-history":[{"count":6,"href":"http:\/\/cfp6-cifpa.edu.ar\/asamblea\/wp-json\/wp\/v2\/pages\/220\/revisions"}],"predecessor-version":[{"id":360,"href":"http:\/\/cfp6-cifpa.edu.ar\/asamblea\/wp-json\/wp\/v2\/pages\/220\/revisions\/360"}],"wp:attachment":[{"href":"http:\/\/cfp6-cifpa.edu.ar\/asamblea\/wp-json\/wp\/v2\/media?parent=220"}],"curies":[{"name":"wp","href":"https:\/\/api.w.org\/{rel}","templated":true}]}}